{"id":598,"date":"2023-09-03T02:20:41","date_gmt":"2023-09-03T02:20:41","guid":{"rendered":"https:\/\/abrircuentasuiza.com\/?page_id=598"},"modified":"2023-09-03T02:20:41","modified_gmt":"2023-09-03T02:20:41","slug":"politica-de-cookies","status":"publish","type":"page","link":"https:\/\/abrircuentasuiza.com\/index.php\/politica-de-cookies\/","title":{"rendered":"Pol\u00edtica De Cookies"},"content":{"rendered":"\t\t<div data-elementor-type=\"wp-page\" data-elementor-id=\"598\" class=\"elementor elementor-598\">\n\t\t\t\t        <section class=\"elementor-section elementor-top-section elementor-element elementor-element-79ec5161 elementor-section-stretched elementor-section-boxed elementor-section-height-default elementor-section-height-default\" data-id=\"79ec5161\" data-element_type=\"section\" data-settings=\"{&quot;stretch_section&quot;:&quot;section-stretched&quot;,&quot;background_background&quot;:&quot;classic&quot;}\">\n                            <div class=\"elementor-background-overlay\"><\/div>\n                \n                        <div class=\"elementor-container elementor-column-gap-extended \">\n                            <div class=\"elementor-row\">\n                    <div class=\"elementor-column elementor-col-100 elementor-top-column elementor-element elementor-element-7d309671\" data-id=\"7d309671\" data-element_type=\"column\">\n            <div class=\"elementor-column-wrap elementor-element-populated\">\n                            <div class=\"elementor-widget-wrap\">\n                        <section class=\"elementor-section elementor-inner-section elementor-element elementor-element-40f43ff7 elementor-section-boxed elementor-section-height-default elementor-section-height-default\" data-id=\"40f43ff7\" data-element_type=\"section\">\n            \n                        <div class=\"elementor-container elementor-column-gap-extended \">\n                            <div class=\"elementor-row\">\n                    <div class=\"elementor-column elementor-col-33 elementor-inner-column elementor-element elementor-element-6d544658\" data-id=\"6d544658\" data-element_type=\"column\">\n            <div class=\"elementor-column-wrap\">\n                            <div class=\"elementor-widget-wrap\">\n                                <\/div>\n                    <\/div>\n        <\/div>\n                <div class=\"elementor-column elementor-col-33 elementor-inner-column elementor-element elementor-element-655f8d1d\" data-id=\"655f8d1d\" data-element_type=\"column\">\n            <div class=\"elementor-column-wrap elementor-element-populated\">\n                            <div class=\"elementor-widget-wrap\">\n                                <\/div>\n                    <\/div>\n        <\/div>\n                <div class=\"elementor-column elementor-col-33 elementor-inner-column elementor-element elementor-element-3f50d5df\" data-id=\"3f50d5df\" data-element_type=\"column\">\n            <div class=\"elementor-column-wrap\">\n                            <div class=\"elementor-widget-wrap\">\n                                <\/div>\n                    <\/div>\n        <\/div>\n                                <\/div>\n                    <\/div>\n        <\/section>\n                        <\/div>\n                    <\/div>\n        <\/div>\n                                <\/div>\n                    <\/div>\n        <\/section>\n                <section class=\"elementor-section elementor-top-section elementor-element elementor-element-2a8d285c elementor-section-full_width elementor-section-stretched elementor-section-height-default elementor-section-height-default\" data-id=\"2a8d285c\" data-element_type=\"section\" data-settings=\"{&quot;stretch_section&quot;:&quot;section-stretched&quot;,&quot;background_background&quot;:&quot;classic&quot;}\">\n            \n                        <div class=\"elementor-container elementor-column-gap-default \">\n                            <div class=\"elementor-row\">\n                    <div class=\"elementor-column elementor-col-100 elementor-top-column elementor-element elementor-element-26971959\" data-id=\"26971959\" data-element_type=\"column\">\n            <div class=\"elementor-column-wrap elementor-element-populated\">\n                            <div class=\"elementor-widget-wrap\">\n                \t\t<div class=\"elementor-element elementor-element-4d9a0bd5 elementor-widget elementor-widget-spacer\" data-id=\"4d9a0bd5\" data-element_type=\"widget\" data-widget_type=\"spacer.default\">\n\t\t\t\t<div class=\"elementor-widget-container\">\n\t\t\t\t\t\t\t<div class=\"elementor-spacer\">\n\t\t\t<div class=\"elementor-spacer-inner\"><\/div>\n\t\t<\/div>\n\t\t\t\t\t\t<\/div>\n\t\t\t\t<\/div>\n\t\t                <\/div>\n                    <\/div>\n        <\/div>\n                                <\/div>\n                    <\/div>\n        <\/section>\n                <section class=\"elementor-section elementor-top-section elementor-element elementor-element-73a9421b elementor-section-boxed elementor-section-height-default elementor-section-height-default\" data-id=\"73a9421b\" data-element_type=\"section\">\n            \n                        <div class=\"elementor-container elementor-column-gap-default \">\n                            <div class=\"elementor-row\">\n                    <div class=\"elementor-column elementor-col-100 elementor-top-column elementor-element elementor-element-489cf2c7\" data-id=\"489cf2c7\" data-element_type=\"column\">\n            <div class=\"elementor-column-wrap elementor-element-populated\">\n                            <div class=\"elementor-widget-wrap\">\n                \t\t<div class=\"elementor-element elementor-element-5e6eb3fc elementor-widget elementor-widget-spacer\" data-id=\"5e6eb3fc\" data-element_type=\"widget\" data-widget_type=\"spacer.default\">\n\t\t\t\t<div class=\"elementor-widget-container\">\n\t\t\t\t\t\t\t<div class=\"elementor-spacer\">\n\t\t\t<div class=\"elementor-spacer-inner\"><\/div>\n\t\t<\/div>\n\t\t\t\t\t\t<\/div>\n\t\t\t\t<\/div>\n\t\t                <\/div>\n                    <\/div>\n        <\/div>\n                                <\/div>\n                    <\/div>\n        <\/section>\n                <section class=\"elementor-section elementor-top-section elementor-element elementor-element-76536e82 elementor-section-boxed elementor-section-height-default elementor-section-height-default\" data-id=\"76536e82\" data-element_type=\"section\">\n            \n                        <div class=\"elementor-container elementor-column-gap-default \">\n                            <div class=\"elementor-row\">\n                    <div class=\"elementor-column elementor-col-100 elementor-top-column elementor-element elementor-element-5fe83860\" data-id=\"5fe83860\" data-element_type=\"column\">\n            <div class=\"elementor-column-wrap elementor-element-populated\">\n                            <div class=\"elementor-widget-wrap\">\n                \t\t<div class=\"elementor-element elementor-element-3a74a61c elementor-widget elementor-widget-text-editor\" data-id=\"3a74a61c\" data-element_type=\"widget\" data-widget_type=\"text-editor.default\">\n\t\t\t\t<div class=\"elementor-widget-container\">\n\t\t\t\t\t\t\t\t\t<p><strong>\u00daltima actualizaci\u00f3n: Septiembre 2023<\/strong><\/p><h2>Introducci\u00f3n<\/h2><p>Esta pol\u00edtica de cookies describe c\u00f3mo abrircuentasuiza.com utiliza cookies y tecnolog\u00edas similares para recopilar y almacenar informaci\u00f3n cuando visitas nuestro sitio web. Al utilizar nuestro sitio web, aceptas el uso de cookies de acuerdo con esta pol\u00edtica.<\/p><h2>\u00bfQu\u00e9 son las Cookies?<\/h2><p>Las cookies son peque\u00f1os archivos de texto que un sitio web almacena en tu dispositivo (ordenador, tel\u00e9fono m\u00f3vil, tableta, etc.) cuando lo visitas. Las cookies se utilizan ampliamente para que los sitios web funcionen de manera eficiente y proporcionen informaci\u00f3n a los propietarios del sitio.<\/p><h2>Tipos de Cookies<\/h2><h3>Cookies Necesarias<\/h3><p>Estas cookies son esenciales para el funcionamiento del sitio web. No almacenan informaci\u00f3n personal y generalmente se establecen en respuesta a acciones que realizas, como configurar tus preferencias de privacidad, iniciar sesi\u00f3n o completar formularios.<\/p><h3>Cookies de Rendimiento<\/h3><p>Estas cookies nos ayudan a entender c\u00f3mo los visitantes interact\u00faan con nuestro sitio web, proporcion\u00e1ndonos informaci\u00f3n sobre las \u00e1reas que visitan con mayor frecuencia y si experimentan alg\u00fan error. Toda la informaci\u00f3n recopilada es an\u00f3nima y se utiliza solo para mejorar el rendimiento del sitio.<\/p><h3>Cookies Funcionales<\/h3><p>Estas cookies permiten que el sitio web recuerde las elecciones que haces y proporciona caracter\u00edsticas y funcionalidades mejoradas y personalizadas. Pueden ser establecidas por nosotros o por proveedores externos cuyos servicios hemos agregado a nuestras p\u00e1ginas.<\/p><h3>Cookies de Publicidad<\/h3><p>Estas cookies se utilizan para mostrar anuncios relevantes para ti y tus intereses. Tambi\u00e9n se utilizan para limitar la cantidad de veces que ves un anuncio y para medir la efectividad de una campa\u00f1a publicitaria.<\/p><h2>Control de Cookies<\/h2><p>Puedes controlar y gestionar las cookies de varias maneras. La mayor\u00eda de los navegadores web te permiten aceptar o rechazar cookies, as\u00ed como eliminar las que ya se han almacenado en tu dispositivo. Sin embargo, ten en cuenta que deshabilitar las cookies puede afectar la funcionalidad de nuestro sitio web.<\/p><h2>Cambios en la Pol\u00edtica de Cookies<\/h2><p>Nos reservamos el derecho de actualizar esta pol\u00edtica de cookies en cualquier momento. Cualquier cambio ser\u00e1 publicado en esta p\u00e1gina con una fecha de &#8220;\u00faltima actualizaci\u00f3n&#8221; revisada. Te recomendamos que consultes peri\u00f3dicamente esta pol\u00edtica para mantenerte informado sobre c\u00f3mo utilizamos las cookies.<\/p><h2>P\u00f3ngase en Contacto con Nosotros<\/h2><p>Si tienes alguna pregunta sobre nuestra pol\u00edtica de cookies o cualquier otra pregunta relacionada con la privacidad, no dudes en ponerte en contacto con nosotros a trav\u00e9s de info@abrircuentasuiza.com<\/p><p><strong>Recogida, tratamiento y uso de los datos personales en la web:<\/strong><\/p><p>En base a lo dispuesto en el Reglamento General de Protecci\u00f3n de Datos 2016\/679 (RGPD) y en la Ley Org\u00e1nica 3\/2018, de Protecci\u00f3n de Datos Personales y garant\u00eda de derechos digitales (LOPDGDD), le informamos que para hacer uso algunos de los servicios que les ofrece nuestra web, puede ser necesario que nos suministre determinados datos de car\u00e1cter personal que ser\u00e1n incorporados a ficheros automatizados.<\/p><p>Cumpliendo con las nuevas disposiciones del Reglamento (UE) 2016\/679 del PE y del Consejo de 27 de Abril de 2016 relativas a la protecci\u00f3n de las personas f\u00edsicas en lo que respecta al tratamiento de datos personales y a la libre circulaci\u00f3n de estos datos y de la Ley Org\u00e1nica 3\/2018, de 5 de diciembre, de Protecci\u00f3n de Datos Personales y garant\u00eda de derechos digitales, le informamos que el responsable del tratamiento de los datos.<\/p>\t\t\t\t\t\t\t\t<\/div>\n\t\t\t\t<\/div>\n\t\t                <\/div>\n                    <\/div>\n        <\/div>\n                                <\/div>\n                    <\/div>\n        <\/section>\n                <section class=\"elementor-section elementor-top-section elementor-element elementor-element-19edfa8c elementor-section-boxed elementor-section-height-default elementor-section-height-default\" data-id=\"19edfa8c\" data-element_type=\"section\">\n            \n                        <div class=\"elementor-container elementor-column-gap-default \">\n                            <div class=\"elementor-row\">\n                    <div class=\"elementor-column elementor-col-100 elementor-top-column elementor-element elementor-element-9c1f3a\" data-id=\"9c1f3a\" data-element_type=\"column\">\n            <div class=\"elementor-column-wrap elementor-element-populated\">\n                            <div class=\"elementor-widget-wrap\">\n                \t\t<div class=\"elementor-element elementor-element-51b80053 elementor-widget elementor-widget-spacer\" data-id=\"51b80053\" data-element_type=\"widget\" data-widget_type=\"spacer.default\">\n\t\t\t\t<div class=\"elementor-widget-container\">\n\t\t\t\t\t\t\t<div class=\"elementor-spacer\">\n\t\t\t<div class=\"elementor-spacer-inner\"><\/div>\n\t\t<\/div>\n\t\t\t\t\t\t<\/div>\n\t\t\t\t<\/div>\n\t\t                <\/div>\n                    <\/div>\n        <\/div>\n                                <\/div>\n                    <\/div>\n        <\/section>\n        \t\t<\/div>\n\t\t","protected":false},"excerpt":{"rendered":"<p>Home | \u00daltima actualizaci\u00f3n: Septiembre 2023 Introducci\u00f3n Esta pol\u00edtica de cookies describe c\u00f3mo abrircuentasuiza.com utiliza cookies y tecnolog\u00edas similares para recopilar y almacenar informaci\u00f3n cuando visitas nuestro sitio web. Al utilizar nuestro sitio web, aceptas el uso de cookies de acuerdo con esta pol\u00edtica. \u00bfQu\u00e9 son las Cookies? Las cookies son peque\u00f1os archivos de texto [&hellip;]<\/p>\n","protected":false},"author":1,"featured_media":0,"parent":0,"menu_order":0,"comment_status":"closed","ping_status":"closed","template":"elementor_canvas","meta":{"_joinchat":[],"footnotes":""},"class_list":["post-598","page","type-page","status-publish","hentry"],"_links":{"self":[{"href":"https:\/\/abrircuentasuiza.com\/index.php\/wp-json\/wp\/v2\/pages\/598","targetHints":{"allow":["GET"]}}],"collection":[{"href":"https:\/\/abrircuentasuiza.com\/index.php\/wp-json\/wp\/v2\/pages"}],"about":[{"href":"https:\/\/abrircuentasuiza.com\/index.php\/wp-json\/wp\/v2\/types\/page"}],"author":[{"embeddable":true,"href":"https:\/\/abrircuentasuiza.com\/index.php\/wp-json\/wp\/v2\/users\/1"}],"replies":[{"embeddable":true,"href":"https:\/\/abrircuentasuiza.com\/index.php\/wp-json\/wp\/v2\/comments?post=598"}],"version-history":[{"count":0,"href":"https:\/\/abrircuentasuiza.com\/index.php\/wp-json\/wp\/v2\/pages\/598\/revisions"}],"wp:attachment":[{"href":"https:\/\/abrircuentasuiza.com\/index.php\/wp-json\/wp\/v2\/media?parent=598"}],"curies":[{"name":"wp","href":"https:\/\/api.w.org\/{rel}","templated":true}]}}